 the prime factors of 23427008.
2, 11, 107, 311
List the prime factors of 1926379.
7, 13, 21169
List the prime factors of 12275677.
12275677
What are the prime factors of 49725?
3, 5, 13, 17
What are the prime factors of 18223?
18223
What are the prime factors of 362068?
2, 7, 67, 193
List the prime factors of 2165864.
2, 23, 79, 149
What are the prime factors of 3136621?
409, 7669
List the prime factors of 150469.
11, 13679
List the prime factors of 144859.
11, 13, 1013
What are the prime factors of 255598?
2, 7, 18257
List the prime factors of 1802178.
2, 3, 7, 14303
What are the prime factors of 2579915?
5, 13, 19, 2089
What are the prime factors of 344342?
2, 172171
List the prime factors of 5740364.
2, 7, 439, 467
What are the prime factors of 470251?
470251
List the prime factors of 137274.
2, 3, 137, 167
List the prime factors of 3409910.
2, 5, 7, 6959
What are the prime factors of 1505115?
3, 5, 11149
What are the prime factors of 3577487?
3577487
What are the prime factors of 7024020?
2, 3, 5, 167, 701
List the prime factors of 30744595.
5, 7, 37, 23741
What are the prime factors of 2835519?
3, 41, 23053
What are the prime factors of 5271274?
2, 53, 223
What are the prime factors of 683985?
3, 5, 45599
List the prime factors of 19900615.
5, 7, 43, 1889
What are the prime factors of 8789497?
8789497
List the prime factors of 9855.
3, 5, 73
List the prime factors of 67216.
2, 4201
What are the prime factors of 120725?
5, 11, 439
List the prime factors of 4782.
2, 3, 797
List the prime factors of 3819903.
3, 1273301
What are the prime factors of 4864222?
2, 11, 221101
What are the prime factors of 734249?
257, 2857
What are the prime factors of 940481?
19, 49499
List the prime factors of 12401727.
3, 13, 61, 401
List the prime factors of 20844984.
2, 3, 347, 2503
What are the prime factors of 182126?
2, 7, 13009
List the prime factors of 22271233.
223, 99871
What are the prime factors of 3075357?
3, 1025119
List the prime factors of 424644.
2, 3, 11, 3217
What are the prime factors of 96123?
3, 179
List the prime factors of 357476.
2, 7, 17, 751
What are the prime factors of 10036648?
2, 23, 54547
List the prime factors of 127739.
127739
What are the prime factors of 3491904?
2, 3, 13, 1399
List the prime factors of 4381253.
4381253
What are the prime factors of 1852319?
7, 71, 3727
What are the prime factors of 278208?
2, 3, 7, 23
What are the prime factors of 89945?
5, 17989
List the prime factors of 1670533.
1670533
List the prime factors of 167857.
229, 733
List the prime factors of 3844225.
5, 7, 11, 1997
List the prime factors of 5895253.
7, 13, 64783
List the prime factors of 263665.
5, 52733
List the prime factors of 682436.
2, 170609
What are the prime factors of 1514350?
2, 5, 31, 977
List the prime factors of 386767.
17, 22751
List the prime factors of 2560380.
2, 3, 5, 139, 307
What are the prime factors of 3841062?
2, 3, 89, 7193
What are the prime factors of 274019?
274019
What are the prime factors of 114676?
2, 28669
What are the prime factors of 2096005?
5, 419201
List the prime factors of 2632314.
2, 3, 17, 131, 197
What are the prime factors of 171174?
2, 3, 47, 607
What are the prime factors of 95982?
2, 3, 17, 941
List the prime factors of 8988022.
2, 137, 32803
What are the prime factors of 249556?
2, 89, 701
List the prime factors of 97993.
7, 13999
What are the prime factors of 5090618?
2, 13, 15061
What are the prime factors of 13366?
2, 41, 163
What are the prime factors of 1747991?
7, 17, 37, 397
List the prime factors of 2619330.
2, 3, 5, 7, 12473
What are the prime factors of 5455639?
7, 779377
What are the prime factors of 34103555?
5, 6820711
What are the prime factors of 2369867?
2369867
What are the prime factors of 125405?
5, 7, 3583
What are the prime factors of 247364?
2, 13, 67, 71
What are the prime factors of 33723909?
3, 37, 101273
List the prime factors of 697596.
2, 3, 61, 953
List the prime factors of 20069373.
3, 6689791
What are the prime factors of 15774452?
2, 3943613
What are the prime factors of 7443618?
2, 3, 7, 13, 13633
List the prime factors of 100189.
100189
List the prime factors of 256305.
3, 5, 7, 2441
What are the prime factors of 9050898?
2, 3, 43, 35081
List the prime factors of 4497931.
4497931
List the prime factors of 476216.
2, 13, 19, 241
What are the prime factors of 134122?
2, 67061
What are the prime factors of 22370244?
2, 3, 13, 193, 743
List the prime factors of 17433681.
3, 5811227
What are the prime factors of 23618?
2, 7, 241
What are the prime factors of 2240946?
2, 3, 29, 53
What are the prime factors of 4099228?
2, 7, 281, 521
List the prime factors of 11560989.
3, 11, 223, 1571
List the prime factors of 90165.
3, 5, 6011
List the prime factors of 9229798.
2, 37, 3371
What are the prime factors of 3189805?
5, 53, 12037
List the prime factors of 95560.
2, 5, 2389
List the prime factors of 259608.
2, 3, 29, 373
What are the prime factors of 310085?
5, 62017
List the prime factors of 679010.
2, 5, 67901
List the prime factors of 8603028.
2, 3, 7, 4877
What are the prime factors of 292936?
2, 7, 5231
What are the prime factors of 420884?
2, 43, 2447
What are the prime factors of 52874?
2, 26437
List the prime factors of 1816926.
2, 3, 17, 47, 379
What are the prime factors of 6595116?
2, 3, 11, 17, 2939
What are the prime factors of 5928067?
41, 191, 757
List the prime factors of 16690.
2, 5, 1669
What are the prime factors of 712761?
3, 7, 33941
What are the prime factors of 9134469?
3, 1014941
List the prime factors of 5611.
31, 181
List the prime factors of 321979.
7, 6571
List the prime factors of 140886.
2, 3, 2609
List the prime factors of 6835026.
2, 3, 11, 103561
What are the prime factors of 11267023?
11267023
List the prime factors of 3503561.
3503561
List the prime factors of 5717810.
2, 5, 7, 1667
What are the prime factors of 16038?
2, 3, 11
What are the prime factors of 2023088?
2, 126443
What are the prime factors of 3356937?
3, 101, 1231
List the prime factors of 1868592.
2, 3, 11, 3539
List the prime factors of 1330944.
2, 3, 1733
List the prime factors of 18722355.
3, 5, 17, 73421
List the prime factors of 7582632.
2, 3, 37, 8539
List the prime factors of 2622285.
3, 5, 19, 3067
List the prime factors of 6374431.
7, 79, 11527
List the prime factors of 169026.
2, 3, 11, 13, 197
List the prime factors of 584259.
3, 13, 71, 211
What are the prime factors of 443890?
2, 5, 44389
What are the prime factors of 120805?
5, 37, 653
What are the prime factors of 245223?
3, 11, 2477
List the prime factors of 1188281.
229, 5189
What are the prime factors of 207564?
2, 3, 7, 353
What are the prime factors of 7460066?
2, 3730033
What are the prime factors of 100985?
5, 19, 1063
What are the prime factors of 342361?
19, 37, 487
List the prime factors of 15281864.
2, 13, 146941
List the prime factors of 1194631.
1194631
List the prime factors of 792899.
41, 83, 233
List the prime factors of 17915402.
2, 1321, 6781
List the prime factors of 3947186.
2, 1021, 1933
What are the prime factors of 38582?
2, 101, 191
What are the prime factors of 4450449?
3, 1123, 1321
What are the prime factors of 1239837?
3, 29, 14251
What are the prime factors of 690578?
2, 7, 107, 461
What are the prime factors of 256746?
2, 3, 7, 6113
What are the prime factors of 4133693?
4133693
List the prime factors of 148672.
2, 23, 101
List the prime factors of 693204.
2, 3, 61, 947
List the prime factors of 1705367.
37, 46091
List the prime factors of 404917.
59, 6863
List the prime factors of 2413133.
17, 19, 31, 241
List the prime factors of 2651657.
373, 7109
What are the prime factors of 809771?
809771
List the prime factors of 545472.
2, 3, 947
List the prime factors of 2475283.
23, 107621
List the prime factors of 225037.
225037
List the prime factors of 1502.
2, 751
What are the prime factors of 377676?
2, 3, 13, 269
What are the prime factors of 166943?
7, 3407
What are the prime factors of 371862?
2, 3, 73, 283
What are the prime factors of 1539071?
157, 9803
List the prime factors of 1900068.
2, 3, 191, 829
List the prime factors of 1221488.
2, 76343
List the prime factors of 165482.
2, 97, 853
What are the prime factors of 8635023?
3, 37, 25931
What are the prime factors of 189